*i + 4*b + 72, -92 - x = -4*i - 3*b. Calculate the highest common factor of 12 and i.
12
Let q be 1*-3*(-6)/9. Suppose -q*z = z - 297. Calculate the greatest common factor of z and 11.
11
Suppose o = 5*k - 4*o + 205, -4*o - 180 = 4*k. Let m = 108 + k. Let q(l) = 6*l**2 + 2. Let v be q(-2). What is the greatest common divisor of m and v?
13
Let h = 118 + -26. What is the greatest common divisor of 23 and h?
23
Let y = -85 + 240. What is the greatest common factor of 62 and y?
31
Let k be (30/25)/(2/5). Suppose -3*q - 394 = -5*s - 0*s, k*s = q + 234. Calculate the highest common divisor of s and 7.
7
Suppose 48 = k - 3*z, k - 180 = -4*k + 3*z. Suppose 5*i - k = 7. What is the highest common divisor of 72 and i?
8
Suppose -4*h = h - 225. Suppose -2*y = y - h. Calculate the highest common divisor of y and 3.
3
Let l = -9 + 12. Suppose 0*d = l*d - 27. What is the highest common factor of 45 and d?
9
Suppose -5*g - 5*v + 9 = -11, 5*g - 4*v = 11. Calculate the greatest common factor of 3 and g.
3
Suppose -u + 6*u - 160 = 0. Calculate the greatest common factor of 4 and u.
4
Suppose 2*m = -3*m. Suppose d - 3 = -m. Let a(q) = 2*q. Let p be a(d). Calculate the greatest common factor of p and 3.
3
Let z(d) = 19*d - 1. Let i be z(1). Let m = 4 - -8. Calculate the greatest common divisor of m and i.
6
Suppose 0 = -3*w + 15, -l + 3*l = -4*w + 54. Let g = l - 4. What is the greatest common divisor of g and 26?
13
Suppose -36 = -4*h + 28. What is the highest common factor of 32 and h?
16
Let h(g) = -g**2 - 6*g + 8. Let j be h(-6). Suppose -l + 90 = -c + 2*c, 0 = -4*l + j. What is the greatest common divisor of 11 and c?
11
Suppose -2*q - m = m - 122, 4*q - 276 = 4*m. What is the highest common divisor of q and 39?
13
Let g(u) = -u + 2. Let m be g(4). Let d be (12/9)/(m/(-6)). Let c = 51 + d. What is the greatest common factor of 22 and c?
11
Suppose -m = 3*n - 11, -2*n + 6 = -2. Let b be (88/(-10))/(m/15). What is the greatest common factor of 12 and b?
12
Suppose 0 = -5*r + d + 95, r - 6*r = 3*d - 115. Let j = -9 + r. What is the highest common factor of 1 and j?
1
Let v = 97 - 41. Suppose 3*t - v = -t. Let c be t*1 - 0/2. What is the greatest common factor of c and 112?
14
Let t = 6 + -3. Suppose -20 = 2*s - t*s. What is the greatest common factor of s and 100?
20
Let z be -16*2/(-12)*3. Suppose -176 = -3*v - z. Calculate the greatest common divisor of 8 and v.
8
Suppose -5*t + 32 = -0*h + h, 3*t = 3. Calculate the greatest common factor of h and 3.
3
Suppose -3*c - 5*j = -15, 5*j - 5 = -c + j. Calculate the highest common factor of c and 30.
5
Let u(c) = c**2 + 4*c - 1. Let d be u(-3). Let z = d - -8. Suppose -v + z*o - 60 = -5*v, -44 = -3*v - 2*o. Calculate the highest common divisor of 35 and v.
7
Suppose -a - 5*v + 23 = -v, 4*a + 4*v = 32. Suppose -4*h = -16, -a*x = -3*h - 1 + 4. Calculate the greatest common divisor of 3 and x.
3
Let x = 18 + 33. Let p = x - 28. Calculate the greatest common factor of p and 92.
23
Let k(f) = -16*f**2 - 11. Let z(o) = -5*o**2 - 4. Let r(b) = -3*k(b) + 8*z(b). Let n be r(1). Calculate the greatest common factor of n and 72.
9
Suppose 5 = -2*a + 15. What is the highest common factor of 25 and a?
5
Let f(b) = -b**2 + b + 7. Suppose -3*a - 3*w - 3 - 3 = 0, -2*w = -2*a + 4. Let i be f(a). Let j = 1 + 6. What is the highest common divisor of i and j?
7
Let h = -4 + 5. Suppose 7*m - 12 = 23. What is the highest common divisor of h and m?
1
Let k = 30 - 12. What is the greatest common divisor of 126 and k?
18
Suppose 0 = -3*a - 3*c + 9, -4*a + 0*a = -5*c + 15. Suppose u + 3*u - 60 = a. Calculate the greatest common divisor of u and 120.
15
Let w(k) = -18*k - 1. Let q be w(-8). Calculate the greatest common divisor of 13 and q.
13
Suppose 3*j = -a + 36, -a - 35 = -2*a - 4*j. What is the highest common factor of a and 13?
13
Let a(t) = -t**3 - 6*t**2 - 2*t + 2. Let f be a(-6). Suppose 184 = 4*n + 4*r, -3*r = -7*r + 16. What is the highest common factor of f and n?
14
Suppose 5*o + 73 = 273. Let w = o + -14. Calculate the greatest common divisor of 208 and w.
26
Let f = 5 + -3. Suppose 0 = f*p - 0*p + 44. Let o be p/2*1*-1. What is the greatest common divisor of 1 and o?
1
Let o = 140 - 132. Let n(l) = -2*l + 9. Let w be n(6). Let p be 4/(-1 + w/(-2)). What is the greatest common divisor of p and o?
8
Let m(w) = w**3 - 13*w**2 + 12*w - 18. Let p be m(12). Let v be p*((1 - 2) + -6). Calculate the highest common factor of v and 18.
18
Suppose -103 = -5*h - 13. Let w = -9 + 11. Suppose -w*c - 131 = -3*l - 0*c, 3*c + 129 = 3*l. What is the highest common divisor of h and l?
9
Suppose 0 = 4*u - 0*u - 364. Suppose -j - 5*l = -28, 4*j - 24 = -2*l + 34. Calculate the highest common factor of j and u.
13
Let m(v) = v**3 - 4*v**2 - 5*v. Let k be m(5). Suppose -3*s = -k*s - 12. Suppose s*b + 0*b - 264 = 0. What is the highest common factor of 6 and b?
6
Let t be 3/(3/168 + 0). What is the greatest common factor of 21 and t?
21
Suppose -2*c - 2*k = 0, -2*c - 13 + 4 = 5*k. Suppose -6*l + 21 = -c*l. Calculate the greatest common divisor of l and 7.
7
Let s = -121 - -148. What is the highest common factor of 81 and s?
27
Let b = -35 - -59. Suppose -3*w + 149 = 41. Calculate the greatest common factor of w and b.
12
Let l(t) = t**3 + 10*t**2 + t + 14. Let u be l(-10). Calculate the highest common divisor of u and 28.
4
Suppose -12 = 3*d, m + 3*d = -m + 2. Let z(w) = w**2 + 2*w - 2. Let q be z(-3). Calculate the greatest common factor of q and m.
1
Suppose -4*b = -2*h - 346, -h + 10 = 3*b - 257. Calculate the highest common factor of b and 11.
11
Let a(s) = -1. Let w(n) = -n + 11. Let d(t) = -3*a(t) + w(t). Let b be d(6). What is the greatest common factor of 8 and b?
8
Let t(u) = -2*u + 3. Let y be t(-1). Suppose -52 = -y*p + 33. Calculate the highest common factor of p and 17.
17
Let v be -1 + 3 + 1 + 126/2. Suppose -b - 5 = -g, -3*b = g + 2*b + 13. Let s be (-2 - g/(-2))*-6. Calculate the highest common factor of v and s.
6
Suppose 4*c - 4*k = 0, 0 = c + 6*k - k + 18. Let o(v) = 3*v**2 + 2*v - 3. Let b be o(c). What is the greatest common divisor of 9 and b?
9
Suppose 5*r = 3*n - 505, 3*n = 2*n + 5*r + 175. What is the greatest common divisor of 15 and n?
15
Suppose 4*m - i = 93, m - 2*i - 7 - 11 = 0. Calculate the greatest common factor of m and 8.
8
Let t(d) = 17*d - 1. Let m be t(1). Let w be 10/(-4)*m/(-20). Suppose -f - 56 = -5*f. What is the greatest common factor of f and w?
2
Suppose -3*s + 83 = -2*x - 59, x + 239 = 5*s. What is the greatest common factor of s and 192?
48
Let l(n) = n**3 - 15*n**2 - 16*n + 8. Let d be l(16). What is the greatest common divisor of d and 16?
8
Let x(o) = -2*o**2 - 12*o + 2. Let c be x(-5). Calculate the greatest common divisor of c and 12.
12
Suppose -2*c = 5 + 3. Let z = c - -1. Let o be (-35)/(-15) + (-2)/z. Calculate the highest common factor of 12 and o.
3
Suppose 5*c + 6*k - k = 0, 0 = -3*c - 2*k + 3. Let y be 19 - 1*(c + -4). What is the greatest common divisor of 10 and y?
10
Let n = 44 - 24. Let t = 35 - n. What is the greatest common divisor of 30 and t?
15
Let x = 15 + -5. Suppose 2*d - 6 = -d. Suppose d*m - 7*m = -350. What is the highest common divisor of x and m?
10
Let d = 19 - -23. What is the highest common divisor of d and 7?
7
Suppose 4*h + 142 + 98 = 2*r, h - 220 = -2*r. Let g = -4 - 2. Let f = 22 + g. Calculate the greatest common factor of f and r.
16
Let n(z) = 2*z**3 - z**2 - z + 2. Let x be n(2). Let b be 106 - 12 - 1*-2. Calculate the highest common factor of x and b.
12
Suppose -2*h + 5*h - 870 = 0. Let c = 2 + 0. Suppose 0*w + h = 5*w - 5*i, -c*w + 112 = 2*i. Calculate the highest common divisor of w and 38.
19
Let b(o) = o**2 + 8*o - 4. Let z be b(-10). What is the highest common factor of 24 and z?
8
Let p be (-1120)/(-18) + 0 - 20/90. Calculate the greatest common divisor of p and 93.
31
Let p be 0 + 3 - (11 - 8). Let c(n) = n**3 - n + 3. Let s be c(p). Calculate the greatest common factor of s and 15.
3
Let i be 2/7 - (-18)/(-63)*-1735. What is the highest common divisor of i and 62?
62
Let c = -23 + 15. Let f(k) be the first derivative of -k**3/3 - 5*k**2 - 7*k + 2. Let x be f(c). Calculate the greatest common factor of x and 45.
9
Let y = 14 - 30. Suppose -3*t = 3*r -